is -41 - 5?
-46
In base 10, what is -1 - -14?
13
In base 16, what is 1601 - 2?
15ff
In base 10, what is -648 - 3?
-651
In base 2, what is 100 - 1111101?
-1111001
In base 6, what is -24 + 20?
-4
In base 6, what is 1542 - -2?
1544
In base 15, what is 4 - -1566?
156a
In base 11, what is -116 - -17?
-aa
In base 15, what is 66 - d?
58
In base 2, what is 100101 - -10?
100111
In base 11, what is 189 + 7?
195
In base 4, what is -112 - 1?
-113
In base 12, what is 209 - -3?
210
In base 5, what is -2 + 20020?
20013
In base 4, what is -3023201 - 10?
-3023211
In base 4, what is -2102 - 3?
-2111
In base 5, what is 22 - 1201?
-1124
In base 7, what is 6 - 1056?
-1050
In base 3, what is -1211 - -111?
-1100
In base 10, what is -15 - -664?
649
In base 2, what is -1111110 + -110010?
-10110000
In base 8, what is 727 + 4?
733
In base 8, what is 134 + 5?
141
In base 13, what is 0 + 970?
970
In base 5, what is -4 - -123?
114
In base 9, what is -34 + 54?
20
In base 9, what is 3 + 70?
73
In base 9, what is -5 + 403?
387
In base 9, what is 1 - -1622?
1623
In base 14, what is 1a - -1b2?
1cc
In base 2, what is 1 - 10101100000?
-10101011111
In base 7, what is 4 + -62?
-55
In base 11, what is -3 + 72?
6a
In base 7, what is 3 + 51?
54
In base 2, what is 101100101 - -11?
101101000
In base 9, what is -2 + -283?
-285
In base 7, what is -116 - -12?
-104
In base 16, what is 2a5 + 4?
2a9
In base 12, what is -4a6 - 3?
-4a9
In base 7, what is 1 + 34?
35
In base 13, what is 1 - 735?
-734
In base 12, what is 10aa4 - 5?
10a9b
In base 15, what is -2e + -2?
-31
In base 15, what is 12 - 4?
d
In base 13, what is 1a5 + 1?
1a6
In base 13, what is 4 - -26?
2a
In base 5, what is 2332 + -12?
2320
In base 4, what is -2 + 1020023?
1020021
In base 13, what is -17 - 3?
-1a
In base 11, what is 530 - 4?
527
In base 12, what is 169 - 14?
155
In base 6, what is -2 - -415?
413
In base 4, what is 100110 - -11?
100121
In base 6, what is 2 - 3?
-1
In base 15, what is -1d - -c7?
a9
In base 16, what is 2 - -2ad?
2af
In base 5, what is -10 - 3213?
-3223
In base 6, what is 2 + -203?
-201
In base 16, what is -4 - -73?
6f
In base 14, what is -63 - 2?
-65
In base 8, what is 0 + 34?
34
In base 11, what is 14 - -2?
16
In base 12, what is -5 - 659?
-662
In base 5, what is 11 - -2?
13
In base 2, what is 1010111010 + -11?
1010110111
In base 6, what is -32 + -210?
-242
In base 5, what is -1 + 3304?
3303
In base 7, what is -165 - 3?
-201
In base 10, what is 2 - 334?
-332
In base 2, what is 10 + 101?
111
In base 14, what is -2 - -15?
13
In base 12, what is 535 - -1?
536
In base 7, what is 1 + -131?
-130
In base 5, what is -40 - 10?
-100
In base 7, what is 2 - 161?
-156
In base 8, what is -133 - -3?
-130
In base 9, what is 1673 - -5?
1678
In base 5, what is -32 - -2023?
1441
In base 12, what is -486 - -4?
-482
In base 10, what is -1 - 3328?
-3329
In base 11, what is -3a - -19?
-21
In base 9, what is -7 - -4608?
4601
In base 4, what is -21201 + 10?
-21131
In base 15, what is 5 - 57?
-52
In base 15, what is 15a + -d?
14c
In base 5, what is 1130 - 2?
1123
In base 16, what is -2 + 48a?
488
In base 15, what is -5 - 26?
-2b
In base 10, what is 170 - -4?
174
In base 2, what is -11001 + -10010010?
-10101011
In base 11, what is -26 + -3?
-29
In base 7, what is -50 - -24?
-23
In base 5, what is -2 + 430?
423
In base 13, what is 12 - 8?
7
In base 4, what is -20021 + 2?
-20013
In base 6, what is -11524 + 4?
-11520
In base 7, what is 154 - 4?
150
In base 10, what is 1570 - -5?
1575
In base 13, what is 2 + -21?
-1c
In base 3, what is 20201 + 2?
20210
In base 7, what is -12 - -3010?
2665
In base 15, what is 850 - 2?
84d
In base 15, what is 1 + b4?
b5
In base 14, what is -474 + -27?
-49b
In base 13, what is 25 - 9?
19
In base 7, what is -666 + 5?
-661
In base 3, what is -100 + 121?
21
In base 6, what is -402 + -204?
-1010
In base 5, what is 11044 + -3?
11041
In base 13, what is 15a + 1?
15b
In base 4, what is 1 + 2010?
2011
In base 16, what is -3 + -61?
-64
In base 13, what is 3 + 66?
69
In base 4, what is -2113 - 1?
-2120
In base 14, what is 82 + 1?
83
In base 2, what is -10 - -1001010100?
1001010010
In base 7, what is -3 - 121?
-124
In base 13, what is -332 - 0?
-332
In base 2, what is 10110 - -110?
11100
In base 7, what is 0 - 2325?
-2325
In base 14, what is -16 + -43?
-59
In base 7, what is -103 + -22?
-125
In base 3, what is -21222201 + -12?
-21222220
In base 4, what is -301 + -32?
-333
In base 10, what is -27 + 398?
371
In base 12, what is -17 + 7?
-10
In base 13, what is 8 - 6c?
-64
In base 2, what is -10110011100 + 111?
-10110010101
In base 16, what is -4 - -600?
5fc
In base 13, what is 56 + 1?
57
In base 13, what is 49 - -4?
50
In base 8, what is -2 + 515?
513
In base 7, what is 1341 - -4?
1345
In base 12, what is -1372 + -7?
-1379
In base 3, what is 10221 - -101?
11022
In base 12, what is 1b - -ab?
10a
In base 5, what is -140 - 3?
-143
In base 16, what is 21 + 40?
61
In base 7, what is 5 - 10624?
-10616
In base 7, what is -20616 - 1?
-20620
In base 14, what is 2 + -15?
-13
In base 9, what is -2 + -351?
-353
In base 4, what is -30 + -22?
-112
In base 4, what is -21 + 10?
-11
In base 12, what is 4 + 30?
34
In base 15, what is 400 + 4?
404
In base 9, what is 3 - 30?
-26
In base 7, what is 5 - -10?
15
In base 2, what is -1101001 + 101?
-1100100
In base 16, what is -5 + -2b?
-30
In base 6, what is -4 - 10?
-14
In base 5, what is 12 + 4031?
4043
In base 3, what is -1012011 - -10?
-1012001
In base 8, what is -1226 + 1?
-1225
In base 3, what is -100 + 1110?
1010
In base 16, what is -6 + 12?
c
In base 10, what is 1 - 202?
-201
In base 8, what is 13 - -274?
307
In base 9, what is 7 + 1633?
1641
In base 2, what is 1000 + 101?
1101
In base 11, what is 2 - -74?
76
In base 6, what is -2 + 34?
32
In base 2, what is 1100100001 + 100?
1100100101
In base 8, what is 1 - -1754?
1755
In base 4, what is 1 - 12?
-11
In base 9, what is 1046 + -1?
1045
In base 15, what is 2 + 142?
144
In base 5, what is 1113 + 103?
1221
In base 5, what is 0 - -102?
102
In base 15, what is -3 - e2?
-e5
In base 16, what is -1a + 7?
-13
In base 13, what is 12 - -1?
13
In base 12, what is -166 + -2?
-168
In base 9, what is -1034 + -4?
-1038
In base 13, what is c - 12?
-3
In base 8, what is 3 + 232?
235
In base 8, what is -16 - 6?
-24
In base 8, what is -1252 + -3?
-1255
In base 2, what is 110000110 - -10?
110001000
In base 2, what is 101010101011 - 100?
101010100111
In base 13, what is 23 + -389?
-366
In base 14, what is -d + 32?
23
In base 16, what is -4 - c2?
-c6
In base 14, what is -8 - dd?
-107
In base 10, what is -188 - -9?
-179
In base 13, what is -4 - 54b?
-552
In base 4, what is 2121202 - 3?
2121133
In base 4, what is 31230 + 10?
31300
In base 5, what is 0 - -244?
244
In base 3, what is 12010101 - -12?
12010120
In base 10, what is -1309 - 5?
-1314
In base 6, what is -2 + 124?
122
In base 13, what is 75 + 8?
80
In base 3, what is -10 + -1212?
-1222
In base 12, what is -47 - 3?
-4a
In base 15, what is -11 - 4?
-15
In base 2, what is 101 - 111011?
-110110
In base 15, what is 15 - -457?
46c
In base 13, what is 387 + 3?
38a
In base 14, what is 18 + d?
27
In base 4, what is 103 + 120?
223
In base 16, what is 1160 + -2?
115e
In base 3, what is -202220 + 2?
-202211
In base 9, what is 181 - -52?
243
In base 15, what is -521 - -8?
-518
In base 13, what is 4 + 2a6?
2aa
In base 7, what is 116014 + -5?
116006
In base 6, what is 1 + -3531?
-3530
In base 6, what is 121 - 225?
-104
In base 16, what is 2a4 - -7?
2ab
In base 10, what is -16404 - -4?
-16400
In base 8, what is 1773 + -4?
1767
In base 14, what is 0 + 27b0?
27b0
In base 14, what is 3b5 + -4?
3b1
In base 15, what is -8 + -53?
-5b
In base 9, what is 424 + -2?
422
In base 14, what is 5 + 6?
b
In base 7, what is -1 + 263?
262
In base 5, what is 300 + -3?
242
In base 11, what is 2 - -45?
47
In base 4, what is -112 - -132?
20
In base 12, what is 13 + -bb?
-a8
In base 14, what is 23 - 4?
1d
In base 5, what is 2433 + -10?
2423
In base 15, what is -5 - 81?
-86
In base 13, what is -3 + 267?
264
In base 10, what is -3 + 14?
11
In base 10, what is 5324 - 1?
5323
In base 6, what is -4 + -1?
-5
In base 4, what is -3232 - 1210?
-11102
In base 12, what is -6a - -5?
-65
In base 15, what is -3 + -b?
-e
In base 8, what is 20 - 2?
16
